462
What is -1440 (base 5) in base 8?
-365
What is -817 (base 10) in base 11?
-683
What is -223 (base 8) in base 4?
-2103
What is 9bc0 (base 13) in base 10?
21788
What is -350 (base 13) in base 12?
-3b8
What is 2221122 (base 3) in base 15?
985
17023 (base 10) to base 3
212100111
Convert 81b (base 15) to base 12.
1082
What is 3806 (base 12) in base 14?
2450
-1816 (base 9) to base 15
-62c
Convert 520002 (base 6) to base 4.
22020002
What is -1050 (base 6) in base 16?
-f6
Convert b45 (base 12) to base 3.
2020122
What is 21321 (base 5) in base 10?
1461
What is -232133 (base 4) in base 15?
-d35
What is 1000010111 (base 2) in base 15?
25a
Convert -16313 (base 8) to base 6.
-54043
Convert 7003 (base 11) to base 6.
111052
Convert 1010001111 (base 2) to base 13.
3b5
What is 54c (base 14) in base 11?
873
What is -13633 (base 10) in base 11?
-a274
What is 3100 (base 5) in base 8?
620
Convert -5542 (base 10) to base 14.
-203c
-210322 (base 4) to base 14
-c0a
97 (base 15) to base 13
ac
What is -841 (base 11) in base 8?
-1765
13557 (base 13) to base 10
36069
Convert 13234 (base 8) to base 5.
141123
Convert -7a8b (base 15) to base 16.
-6596
Convert 3303 (base 6) to base 8.
1367
What is 73c (base 16) in base 2?
11100111100
1031 (base 11) to base 5
20430
-426 (base 13) to base 11
-594
11b (base 12) to base 5
1132
What is -72501 (base 8) in base 15?
-8d62
Convert -322 (base 6) to base 15.
-82
-312 (base 10) to base 5
-2222
What is -1211324 (base 5) in base 12?
-1118a
What is 111101110011 (base 2) in base 5?
111310
Convert d6e (base 16) to base 13.
1746
What is -36553 (base 9) in base 2?
-101111110111110
Convert -11010001 (base 2) to base 3.
-21202
-1052435 (base 6) to base 13
-1b5c6
What is -1458 (base 10) in base 12?
-a16
What is -110002 (base 3) in base 6?
-1302
Convert 3011 (base 9) to base 7.
6256
aa4a (base 11) to base 7
60330
What is -3606 (base 11) in base 7?
-16530
-102300222 (base 4) to base 9
-126360
What is -2300102 (base 4) in base 5?
-330112
Convert -1403322 (base 5) to base 3.
-1110012210
What is 2b9 (base 16) in base 11?
584
Convert 13b87 (base 13) to base 11.
25988
Convert 7630 (base 11) to base 16.
275c
Convert 197 (base 13) to base 12.
205
What is -62 (base 16) in base 10?
-98
-21443 (base 5) to base 2
-10111011010
-dae (base 15) to base 8
-6021
Convert 233130 (base 4) to base 5.
44121
Convert -720 (base 15) to base 2.
-11001000101
What is -850 (base 11) in base 13?
-609
294b (base 12) to base 4
1023023
-1122112 (base 3) to base 13
-716
What is -40637 (base 8) in base 6?
-205435
Convert -13212102 (base 4) to base 2.
-111100110010010
What is -c9e (base 16) in base 7?
-12263
12652 (base 8) to base 9
7542
Convert 117 (base 12) to base 4.
2203
Convert 4675 (base 10) to base 9.
6364
What is 21321 (base 4) in base 6?
2533
What is 4032 (base 7) in base 9?
1820
-1548 (base 10) to base 4
-120030
What is -160 (base 13) in base 6?
-1051
-100010110100 (base 2) to base 5
-32403
What is -30030310 (base 4) in base 2?
-1100001100110100
What is 1430344 (base 5) in base 6?
351203
What is 3351 (base 6) in base 10?
787
-401 (base 15) to base 16
-385
What is 12230 (base 4) in base 11?
35a
5ce (base 16) to base 14
782
-b9 (base 16) to base 12
-135
What is 221010 (base 4) in base 5?
41003
Convert -e8 (base 15) to base 14.
-118
What is -17125 (base 8) in base 13?
-36c4
Convert -447 (base 9) to base 5.
-2432
-78b7 (base 15) to base 13
-b860
b289 (base 13) to base 3
1020202210
What is -b415 (base 14) in base 12?
-15b23
60 (base 11) to base 16
42
What is 882 (base 9) in base 16?
2d2
b2 (base 12) to base 11
112
Convert -100000000101 (base 2) to base 4.
-200011
1001110101 (base 2) to base 14
32d
What is -131214 (base 5) in base 2?
-1010001000000
-1419 (base 10) to base 16
-58b
-771 (base 12) to base 5
-13333
Convert e2 (base 15) to base 9.
255
511345 (base 6) to base 14
10aad
Convert 13043 (base 5) to base 12.
713
What is -10100111 (base 3) in base 6?
-15151
What is 13141 (base 5) in base 10?
1046
18e2 (base 15) to base 12
314b
What is 23154 (base 6) in base 8?
6356
Convert 101010111001 (base 2) to base 9.
3680
What is -71c (base 16) in base 5?
-24240
Convert -49c2 (base 16) to base 7.
-106023
What is -241a (base 15) in base 12?
-4537
3454 (base 6) to base 7
2260
What is -13 (base 13) in base 4?
-100
Convert -33b5 (base 13) to base 6.
-53314
13312 (base 4) to base 10
502
Convert 18910 (base 12) to base 7.
206400
What is -110000101011 (base 2) in base 3?
-11021101
What is 1302431 (base 5) in base 10?
25366
What is -130112 (base 6) in base 10?
-11708
Convert -50621 (base 9) to base 4.
-20020132
What is -370 (base 15) in base 16?
-30c
Convert 10011011 (base 3) to base 14.
ba3
Convert -4604 (base 7) to base 10.
-1670
What is 1233 (base 4) in base 11?
a1
Convert -248 (base 12) to base 5.
-2334
What is -4692 (base 14) in base 7?
-50542
-2ab (base 14) to base 4
-20133
What is -1102 (base 4) in base 14?
-5c
1345 (base 8) to base 7
2106
What is -524a (base 13) in base 6?
-124413
Convert -cc9 (base 15) to base 8.
-5511
421413 (base 5) to base 14
514b
Convert -52d (base 15) to base 2.
-10010010000
-54 (base 13) to base 3
-2120
900 (base 15) to base 2
11111101001
What is -12010 (base 3) in base 6?
-350
What is -173 (base 10) in base 13?
-104
Convert -4013 (base 5) to base 8.
-774
100201 (base 3) to base 13
172
What is -112300 (base 4) in base 5?
-21311
101101010110 (base 2) to base 4
231112
What is 33314 (base 9) in base 4?
11121232
Convert 447 (base 11) to base 2.
1000010111
622 (base 8) to base 5
3102
What is 1337 (base 8) in base 11?
609
-1ac7 (base 14) to base 9
-6621
2102 (base 3) to base 12
55
Convert -45610 (base 9) to base 15.
-9009
What is 125125 (base 6) in base 11?
8706
Convert -208a (base 11) to base 9.
-3706
What is -2cdc (base 15) in base 5?
-302112
-100 (base 13) to base 9
-207
Convert 92d8 (base 14) to base 12.
12766
Convert -80b (base 15) to base 10.
-1811
-7046 (base 9) to base 14
-1c37
75 (base 12) to base 3
10022
Convert 1459 (base 14) to base 12.
2107
Convert 481 (base 15) to base 4.
33331
What is -116156 (base 8) in base 16?
-9c6e
1101110011001 (base 2) to base 16
1b99
Convert 4a63 (base 12) to base 8.
20353
What is 1bd (base 14) in base 12?
263
Convert -255a (base 11) to base 10.
-3332
What is -55b (base 12) in base 13?
-48b
What is -740 (base 8) in base 3?
-122210
What is -1102222 (base 3) in base 9?
-1388
-260e (base 15) to base 12
-4842
-564b (base 15) to base 8
-43570
1023221 (base 4) to base 6
34225
Convert 21031 (base 4) to base 15.
294
1bc8 (base 13) to base 5
113340
What is 3ac9 (base 16) in base 4?
3223021
105 (base 10) to base 3
10220
-1112 (base 5) to base 16
-9d
Convert -7312 (base 8) to base 9.
-5166
What is d11 (base 15) in base 3?
11000221
Convert -153422 (base 8) to base 2.
-1101011100010010
-2343 (base 10) to base 8
-4447
Convert -2400 (base 6) to base 16.
-240
What is -1321133 (base 5) in base 6?
-322150
Convert -2120201 (base 4) to base 6.
-113105
What is 77176 (base 9) in base 4?
30133230
Convert 3032002 (base 4) to base 13.
6004
11110111000 (base 2) to base 11
1537
What is 45 (base 14) in base 7?
115
Convert -87b (base 13) to base 9.
-1885
What is 1113133 (base 4) in base 8?
12737
-1577 (base 13) to base 16
-c44
-14 (base 11) to base 2
-1111
-114153 (base 6) to base 16
-2715
Convert b443 (base 15) to base 6.
452200
Convert -10261 (base 8) to base 3.
-12212021
Convert 9c6 (base 16) to base 10.
2502
-3a1 (base 16) to base 15
-41e
Convert 375 (base 12) to base 3.
201022
Convert 362 (base 10) to base 16.
16a
6709 (base 15) to base 6
245030
-5891 (base 10) to base 9
-8065
-5023 (base 7) to base 3
-2101011
-1470 (base 9) to base 6
-5100
Convert 10111010010 (base 2) to base 10.
1490
What is -530 (base 6) in base 9?
-240
What is 647 (base 8) in base 6?
1543
Convert -13123221 (base 4) to base 11.
-20964
Convert 2c6 (base 13) to base 10.
500
Convert -37ec (base 15) to base 12.
-6a96
Convert -5625 (base 8) to base 6.
-21421
What is 1322 (base 5) in base 16?
d4
1010001110 (base 2) to base 6
3010
1248 (base 10) to base 3
1201020
Convert -110211 (base 3) to base 4.
-11122
-205 (base 10) to base 15
-da
Convert -220022201 (base 3) to base 11.
-1235a
bc2 (base 15) to base 16
a61
1781 (base 15) to base 6
35251
What is -2010134 (base 5) in base 7?
-162026